is the units digit of 4876?
6
What is the ten thousands digit of 18882?
1
What is the hundreds digit of 224?
2
What is the thousands digit of 1269?
1
What is the hundreds digit of 9020?
0
What is the hundreds digit of 452?
4
What is the tens digit of 2484?
8
What is the ten thousands digit of 74042?
7
What is the ten thousands digit of 106081?
0
What is the units digit of 23546?
6
What is the thousands digit of 1784?
1
What is the hundreds digit of 5865?
8
What is the tens digit of 1404?
0
What is the hundreds digit of 4075?
0
What is the hundreds digit of 1822?
8
What is the units digit of 1497?
7
What is the tens digit of 48040?
4
What is the thousands digit of 22154?
2
What is the thousands digit of 2903?
2
What is the hundreds digit of 30278?
2
What is the units digit of 1775?
5
What is the hundreds digit of 6587?
5
What is the hundreds digit of 8393?
3
What is the thousands digit of 2810?
2
What is the ten thousands digit of 10078?
1
What is the tens digit of 6951?
5
What is the hundreds digit of 10416?
4
What is the hundreds digit of 2276?
2
What is the hundreds digit of 5111?
1
What is the thousands digit of 2814?
2
What is the hundreds digit of 649?
6
What is the tens digit of 107?
0
What is the tens digit of 52078?
7
What is the ten thousands digit of 154412?
5
What is the units digit of 142?
2
What is the thousands digit of 73620?
3
What is the ten thousands digit of 14716?
1
What is the thousands digit of 42996?
2
What is the units digit of 3575?
5
What is the hundreds digit of 1152?
1
What is the units digit of 2151?
1
What is the tens digit of 4754?
5
What is the tens digit of 213?
1
What is the ten thousands digit of 46276?
4
What is the units digit of 6366?
6
What is the tens digit of 438?
3
What is the units digit of 8542?
2
What is the tens digit of 2483?
8
What is the tens digit of 146?
4
What is the ten thousands digit of 65381?
6
What is the hundreds digit of 8823?
8
What is the units digit of 348?
8
What is the units digit of 25902?
2
What is the tens digit of 101?
0
What is the hundreds digit of 25032?
0
What is the thousands digit of 170072?
0
What is the thousands digit of 1693?
1
What is the thousands digit of 10409?
0
What is the tens digit of 44762?
6
What is the units digit of 803?
3
What is the thousands digit of 9490?
9
What is the tens digit of 637?
3
What is the units digit of 3147?
7
What is the thousands digit of 1793?
1
What is the hundreds digit of 5805?
8
What is the units digit of 1922?
2
What is the thousands digit of 1587?
1
What is the thousands digit of 6353?
6
What is the tens digit of 87?
8
What is the thousands digit of 105215?
5
What is the thousands digit of 1435?
1
What is the tens digit of 180?
8
What is the tens digit of 459?
5
What is the tens digit of 10321?
2
What is the tens digit of 2476?
7
What is the thousands digit of 1854?
1
What is the units digit of 41873?
3
What is the hundreds digit of 542?
5
What is the units digit of 1118?
8
What is the hundreds digit of 1089?
0
What is the tens digit of 2208?
0
What is the tens digit of 1400?
0
What is the hundreds digit of 1350?
3
What is the units digit of 1374?
4
What is the tens digit of 565?
6
What is the hundreds digit of 186?
1
What is the thousands digit of 10222?
0
What is the thousands digit of 14964?
4
What is the tens digit of 202?
0
What is the units digit of 1182?
2
What is the tens digit of 20208?
0
What is the tens digit of 491?
9
What is the thousands digit of 8350?
8
What is the hundreds digit of 935?
9
What is the tens digit of 1184?
8
What is the thousands digit of 11755?
1
What is the hundreds digit of 10302?
3
What is the hundreds digit of 6539?
5
What is the units digit of 1713?
3
What is the hundreds digit of 239?
2
What is the hundreds digit of 699?
6
What is the units digit of 8007?
7
What is the tens digit of 14511?
1
What is the ten thousands digit of 29526?
2
What is the hundreds digit of 16164?
1
What is the tens digit of 7741?
4
What is the tens digit of 11236?
3
What is the units digit of 83423?
3
What is the units digit of 35919?
9
What is the ten thousands digit of 34364?
3
What is the thousands digit of 3313?
3
What is the thousands digit of 62698?
2
What is the ten thousands digit of 69780?
6
What is the tens digit of 75864?
6
What is the tens digit of 55435?
3
What is the ten thousands digit of 17707?
1
What is the hundreds digit of 29285?
2
What is the tens digit of 147980?
8
What is the tens digit of 569?
6
What is the ten thousands digit of 65453?
6
What is the ten thousands digit of 81847?
8
What is the tens digit of 42867?
6
What is the ten thousands digit of 16925?
1
What is the units digit of 9429?
9
What is the units digit of 75732?
2
What is the thousands digit of 1382?
1
What is the units digit of 1958?
8
What is the hundreds digit of 30700?
7
What is the tens digit of 14016?
1
What is the thousands digit of 86015?
6
What is the hundred thousands digit of 110017?
1
What is the units digit of 83?
3
What is the units digit of 20968?
8
What is the hundreds digit of 59403?
4
What is the thousands digit of 3568?
3
What is the tens digit of 54483?
8
What is the units digit of 11483?
3
What is the ten thousands digit of 92559?
9
What is the units digit of 984?
4
What is the hundreds digit of 19987?
9
What is the hundreds digit of 7309?
3
What is the units digit of 72?
2
What is the units digit of 28732?
2
What is the tens digit of 15536?
3
What is the ten thousands digit of 70473?
7
What is the units digit of 5444?
4
What is the tens digit of 29?
2
What is the tens digit of 6318?
1
What is the tens digit of 35010?
1
What is the hundreds digit of 24659?
6
What is the units digit of 2001?
1
What is the tens digit of 771?
7
What is the hundreds digit of 1702?
7
What is the hundreds digit of 1607?
6
What is the ten thousands digit of 11692?
1
What is the units digit of 39564?
4
What is the ten thousands digit of 28616?
2
What is the tens digit of 2348?
4
What is the tens digit of 6966?
6
What is the thousands digit of 35094?
5
What is the hundreds digit of 79314?
3
What is the units digit of 10209?
9
What is the hundreds digit of 608?
6
What is the tens digit of 75398?
9
What is the tens digit of 70522?
2
What is the tens digit of 672?
7
What is the ten thousands digit of 29109?
2
What is the tens digit of 3944?
4
What is the units digit of 1018?
8
What is the units digit of 24469?
9
What is the thousands digit of 1030?
1
What is the units digit of 15049?
9
What is the thousands digit of 23923?
3
What is the hundreds digit of 1597?
5
What is the hundreds digit of 516?
5
What is the units digit of 6259?
9
What is the units digit of 2518?
8
What is the tens digit of 36829?
2
What is the thousands digit of 24461?
4
What is the tens digit of 33628?
2
What is the hundreds digit of 7500?
5
What is the hundreds digit of 2321?
3
What is the tens digit of 541?
4
What is the units digit of 1257?
7
What is the hundreds digit of 46282?
2
What is the ten thousands digit of 43379?
4
What is the hundreds digit of 3192?
1
What is the hundreds digit of 8245?
2
What is the hundreds digit of 13499?
4
What is the tens digit of 18690?
9
What is the units digit of 1917?
7
What is the hundreds digit of 2396?
3
What is the thousands digit of 13683?
3
What is the units digit of 788?
8
What is the thousands digit of 26800?
6
What is the units digit of 11983?
3
What is the units digit of 5231?
1
What is the units digit of 10680?
0
What is the tens digit of 77553?
5
What is the hundreds digit of 3351?
3
What is the units digit of 600?
0
What is the tens digit of 1359?
5
What is the tens digit of 5767?
6
What is the units digit of 1896?
6
What is the units digit of 6801?
1
What is the hundreds digit of 131278?
2
What is the units digit of 7349?
9
What is the units digit of 2146?
6
What is the hundred thousands digit of 107963?
1
What is the thousands digit of 2065?
2
What is the thousands digit of 8247?
8
What is the thousands digit of 11221?
1
What is the ten thousands digit of 22742?
2
What is the units digit of 284?
4
What is the tens digit of 1129?
2
What is the thousands digit of 5222?
5
What is the units digit of 1323?
3
What is the hundred thousands digit of 148713?
1
What is the units digit of 586?
6
What is the units digit o